07 prime?
True
Is 7249 a prime number?
False
Is 95461 composite?
False
Is 588331 a prime number?
False
Is 21059 prime?
True
Is 10541 a composite number?
True
Is 7167 a composite number?
True
Is 102887 a composite number?
True
Is 8962 prime?
False
Is 149371 a composite number?
False
Is 39019 a prime number?
True
Is 282803 a composite number?
True
Is 20579 a composite number?
True
Is 15971 a composite number?
False
Is 1213 a prime number?
True
Is 13355 prime?
False
Is 51631 a prime number?
True
Is 153407 a composite number?
False
Is 497257 prime?
True
Is 487 composite?
False
Is 70601 a prime number?
False
Is 50989 a prime number?
True
Is 9199 composite?
False
Is 458363 a prime number?
True
Is 938971 a composite number?
True
Is 2254341 prime?
False
Is 12517 a prime number?
True
Is 63737 a composite number?
False
Is 503369 composite?
False
Is 13119 prime?
False
Is 201937 a prime number?
True
Is 26621 a prime number?
False
Is 4111 a prime number?
True
Is 20969 a prime number?
False
Is 2477 prime?
True
Is 30617 a composite number?
True
Is 50671 prime?
True
Is 94993 a prime number?
True
Is 14501 prime?
False
Is 7283 prime?
True
Is 38585 a composite number?
True
Is 57119 a composite number?
False
Is 181403 a prime number?
False
Is 38299 prime?
True
Is 3007 a composite number?
True
Is 8543 composite?
False
Is 180233 composite?
False
Is 63694 a prime number?
False
Is 1151 a composite number?
False
Is 305579 a composite number?
True
Is 21179 a prime number?
True
Is 209881 prime?
False
Is 296941 a prime number?
True
Is 100387 prime?
False
Is 375797 a composite number?
True
Is 1356151 a composite number?
False
Is 3503 prime?
False
Is 3307141 a composite number?
False
Is 61121 a prime number?
True
Is 1039279 a composite number?
False
Is 107441 prime?
True
Is 939061 a prime number?
True
Is 354491 composite?
True
Is 109001 a composite number?
False
Is 27349 prime?
False
Is 28319 composite?
False
Is 381013 composite?
True
Is 161074 prime?
False
Is 185593 a prime number?
True
Is 779 a composite number?
True
Is 93985 a composite number?
True
Is 137777 composite?
False
Is 113 a prime number?
True
Is 5533 composite?
True
Is 25087 prime?
True
Is 272717 a composite number?
False
Is 693869 a composite number?
True
Is 74587 a composite number?
False
Is 460267 prime?
True
Is 660719 composite?
False
Is 38473 prime?
False
Is 4937 prime?
True
Is 292993 composite?
False
Is 10391 a prime number?
True
Is 7607 composite?
False
Is 85927 a prime number?
False
Is 108973 prime?
False
Is 140533 a composite number?
False
Is 37619 composite?
False
Is 18737 a prime number?
False
Is 5449 a composite number?
False
Is 191413 composite?
False
Is 4443 a composite number?
True
Is 36967 composite?
True
Is 194963 a composite number?
False
Is 199209 a prime number?
False
Is 7607 a prime number?
True
Is 26193 prime?
False
Is 398803 a prime number?
False
Is 4969 prime?
True
Is 175871 composite?
True
Is 25873 composite?
False
Is 49711 a composite number?
False
Is 329599 a composite number?
True
Is 37171 prime?
True
Is 3967 composite?
False
Is 4637 prime?
True
Is 14431 composite?
False
Is 222641 a prime number?
False
Is 104581 a composite number?
True
Is 130173 a composite number?
True
Is 2503 prime?
True
Is 16673 a composite number?
False
Is 11027 a composite number?
False
Is 321959 composite?
True
Is 124633 a composite number?
False
Is 161 composite?
True
Is 63613 a prime number?
False
Is 158482 composite?
True
Is 40969 composite?
True
Is 654301 a prime number?
True
Is 11617 composite?
False
Is 24019 prime?
True
Is 13229 a composite number?
False
Is 185023 a prime number?
False
Is 585491 prime?
False
Is 30209 composite?
True
Is 12601 composite?
False
Is 40459 a prime number?
True
Is 11677 composite?
False
Is 70102 a prime number?
False
Is 647905 prime?
False
Is 261347 composite?
False
Is 2829899 prime?
True
Is 11801 a prime number?
True
Is 63203 composite?
True
Is 132697 prime?
True
Is 54269 prime?
True
Is 21313 a composite number?
False
Is 8101 a prime number?
True
Is 1947851 a prime number?
True
Is 3359 a prime number?
True
Is 105851 a composite number?
True
Is 1870553 a prime number?
False
Is 75365 a prime number?
False
Is 1823 a composite number?
False
Is 68389 a composite number?
False
Is 119222 a composite number?
True
Is 14983 prime?
True
Is 362665 prime?
False
Is 6401 prime?
False
Is 75893 a composite number?
True
Is 414053 prime?
True
Is 8651 a prime number?
False
Is 62209 composite?
True
Is 5039 prime?
True
Is 13403 prime?
False
Is 17291 prime?
True
Is 137867 a composite number?
False
Is 1973 a prime number?
True
Is 34031 composite?
False
Is 70823 prime?
True
Is 756715 a composite number?
True
Is 76871 prime?
True
Is 120233 prime?
True
Is 4091 composite?
False
Is 1561 prime?
False
Is 2813 prime?
False
Is 625447 a composite number?
True
Is 347279 prime?
False
Is 61133 prime?
False
Is 2798 prime?
False
Is 73061 composite?
False
Is 17707 a composite number?
False
Is 20719 prime?
True
Is 280753 a prime number?
False
Is 1009561 composite?
True
Is 12497 a composite number?
False
Is 21787 a prime number?
True
Is 17497 prime?
True
Is 33646 composite?
True
Is 965 prime?
False
Is 76757 a prime number?
True
Is 3817 composite?
True
Is 9745 a composite number?
True
Is 483139 a composite number?
False
Is 30985 prime?
False
Is 526457 prime?
False
Is 1594 composite?
True
Is 615301 a prime number?
False
Is 79505 prime?
False
Is 98191 composite?
True
Is 3109 prime?
True
Is 517 composite?
True
Is 9529 prime?
False
Is 7321 a composite number?
False
Is 14359 prime?
False
Is 1157569 composite?
True
Is 232129 a prime number?
True
Is 180871 a composite number?
False
Is 44601 a composite number?
True
Is 174473 composite?
True
Is 336695 a composite number?
True
Is 85549 a prime number?
True
Is 283267 composite?
False
Is 7061 a prime number?
False
Is 335807 a composite number?
False
Is 154267 composite?
False
Is 17399 composite?
True
Is 131263 prime?
False
Is 856969 prime?
True
Is 474769 prime?
True
Is 43387 a composite number?
True
Is 25689 prime?
False
Is 294233 a composite number?
True
Is 351551 composite?
False
Is 1799387 prime?
False
Is 171917 prime?
True
Is 4127 prime?
True
Is 13093 prime?
True
Is 23311 composite?
False
Is 2049 a prime number?
False
Is 36119 composite?
True
Is 328226 prime?
False
Is 603851 prime?
True
Is 23509 a composite number?
False
Is 4405 prime?
False
Is 446863 a composite number?
False
Is 24239 a prime number?
True
Is 103945 prime?
False
Is 1113999 a composite number?
True
Is 7069 a prime number?
True
Is 30241 a prime number?
True
Is 47837 composite?
False
Is 58477 composite?
False
Is 7121 composite?
False
Is 6157 a prime number?
False
Is 2559335 a prime number?
False
Is 7799 prime?
False
Is 352813 a prime number?
True
Is 106831 a composite number?
True
Is 843331 prime?
True
Is 918913 a composite number?
False
Is 1437991 composite?
False
Is 9661 a composite number?
False
Is 61463 composite?
False
Is 113413 prime?
False
Is 1783487 prime?
False
Is 1949 a prime number?
True
Is 55511 composite?
False
Is 12391 prime?
True
Is 25717 a composite number?
False
Is 11303 prime?
False
Is 12955 prime?
False
Is 375545 a composite number?
True
Is 8467 a composite number?
False
Is 810643 a prime number?
True
Is 91771 a composite number?
False
Is 29639 prime?
False
Is 7499 a composite number?
False
Is 1399 a prime number?
True
Is 128617 a prime number?
False
Is 850661 a composite number?
True
Is 21731 composite?
True
Is 55609 prime?
True
Is 60523 a composite number?
True
Is 25013 a prime number?
True
Is 68993 a composite number?
False
Is 109885 composite?
True
Is 3103 a composite number?
True
Is 30949 composite?
False
Is 256673 composite?
True
Is 343493 composite?
True
Is 1887563 prime?
True
Is 4589 a prime number?
False
Is 124207 prime?
False
Is 1259 prime?
True
Is 187531 composite?
False
Is 6911 prime?
True
Is 110833 a composite number?
True
Is 18553 a composite number?
False
Is 101945 composite?
True
Is 2656909 composite?
False
Is 4553 prime?
False
Is 2245 composite?
True
Is 159307 composite?
True
Is 14659 a composite number?
True
Is 33382 composite?
True
Is 158561 prime?
False
Is 2134985 a composite number?
True
Is 11333 a composite number?
True
Is 101293 a prime number?
True
Is 10559 prime